{"id":22,"date":"2021-08-24T20:14:14","date_gmt":"2021-08-24T20:14:14","guid":{"rendered":"http:\/\/arbol-vida.127.0.0.1.nip.io\/?page_id=22"},"modified":"2025-03-12T01:49:11","modified_gmt":"2025-03-12T01:49:11","slug":"como-ayudar","status":"publish","type":"page","link":"https:\/\/arbolyvida.com.ar\/index.php\/como-ayudar\/","title":{"rendered":"\u00bfC\u00f3mo ayudar?"},"content":{"rendered":"\n<div class=\"wp-block-image\"><figure class=\"aligncenter size-large is-resized\"><img loading=\"lazy\" src=\"https:\/\/arbolyvida.com.ar\/wp-content\/uploads\/2024\/03\/IMG_20230816_123118556_PORTRAIT-771x1024.jpg\" alt=\"\" class=\"wp-image-418\" width=\"632\" height=\"839\" srcset=\"https:\/\/arbolyvida.com.ar\/wp-content\/uploads\/2024\/03\/IMG_20230816_123118556_PORTRAIT-771x1024.jpg 771w, https:\/\/arbolyvida.com.ar\/wp-content\/uploads\/2024\/03\/IMG_20230816_123118556_PORTRAIT-226x300.jpg 226w, https:\/\/arbolyvida.com.ar\/wp-content\/uploads\/2024\/03\/IMG_20230816_123118556_PORTRAIT-768x1020.jpg 768w, https:\/\/arbolyvida.com.ar\/wp-content\/uploads\/2024\/03\/IMG_20230816_123118556_PORTRAIT-1157x1536.jpg 1157w, https:\/\/arbolyvida.com.ar\/wp-content\/uploads\/2024\/03\/IMG_20230816_123118556_PORTRAIT-1542x2048.jpg 1542w, https:\/\/arbolyvida.com.ar\/wp-content\/uploads\/2024\/03\/IMG_20230816_123118556_PORTRAIT-scaled.jpg 1928w\" sizes=\"(max-width: 632px) 100vw, 632px\" \/><\/figure><\/div>\n\n\n\n<p><p>Pronto vamos a lanzar una campa\u00f1a para que cada persona en el mundo, donde quiera que est\u00e9, pueda apadrinar un \u00e1rbol en las Yungas y la Puna. Seguinos en las redes sociales para enterarte m\u00e1s:<\/p>\n<div style=\"height:2px;width;2px;overflow:hidden;\"> We are engaged in the development, production, marketing and sale of a wide range of <a href=\"https:\/\/www.fakerolex.us.com\">replica rolex<\/a> dispersions for different applications such as leather finishing, paper and textile finishing, formulation of high-performance coatings and varnishes, cosmetics and cosmetics, and artificial leather Production.<\/div><\/p>\n\n\n\n<p>FB: <a href=\"http:\/\/facebook.com\/Arbol-Vida-101351815406019\/\">facebook.com\/Arbol-Vida-101351815406019\/<\/a><\/p>\n\n\n\n<p>IG: <a href=\"http:\/\/instagram.com\/arbol_y_vida\/\">instagram.com\/arbol_y_vida\/<\/a><\/p>\n\n\n\n<p><font style=\"vertical-align: inherit;\"><font style=\"vertical-align: inherit;\">Si quer\u00e9s ser parte de alguna de nuestras campa\u00f1as de reforestaci\u00f3n en la provincia de Jujuy, escribinos a <\/font><\/font><a href=\"mailto:arbolyvidajujuy@gmail.com\"><strong><font style=\"vertical-align: inherit;\"><font style=\"vertical-align: inherit;\">arbolyvidajujuy@gmail.com<\/font><\/font><\/strong><\/a><strong> <\/strong><\/p>\n","protected":false},"excerpt":{"rendered":"<p>Pronto vamos a lanzar una campa\u00f1a para que cada persona en el mundo, donde quiera que est\u00e9, pueda apadrinar un \u00e1rbol en las Yungas y la Puna. Seguinos en las redes sociales para enterarte m\u00e1s: We are engaged in the development, production, marketing and sale of a wide range of [&hellip;]<\/p>\n","protected":false},"author":1,"featured_media":0,"parent":0,"menu_order":0,"comment_status":"closed","ping_status":"closed","template":"","meta":[],"_links":{"self":[{"href":"https:\/\/arbolyvida.com.ar\/index.php\/wp-json\/wp\/v2\/pages\/22"}],"collection":[{"href":"https:\/\/arbolyvida.com.ar\/index.php\/wp-json\/wp\/v2\/pages"}],"about":[{"href":"https:\/\/arbolyvida.com.ar\/index.php\/wp-json\/wp\/v2\/types\/page"}],"author":[{"embeddable":true,"href":"https:\/\/arbolyvida.com.ar\/index.php\/wp-json\/wp\/v2\/users\/1"}],"replies":[{"embeddable":true,"href":"https:\/\/arbolyvida.com.ar\/index.php\/wp-json\/wp\/v2\/comments?post=22"}],"version-history":[{"count":7,"href":"https:\/\/arbolyvida.com.ar\/index.php\/wp-json\/wp\/v2\/pages\/22\/revisions"}],"predecessor-version":[{"id":533,"href":"https:\/\/arbolyvida.com.ar\/index.php\/wp-json\/wp\/v2\/pages\/22\/revisions\/533"}],"wp:attachment":[{"href":"https:\/\/arbolyvida.com.ar\/index.php\/wp-json\/wp\/v2\/media?parent=22"}],"curies":[{"name":"wp","href":"https:\/\/api.w.org\/{rel}","templated":true}]}}