{"id":63,"date":"2021-09-01T12:13:05","date_gmt":"2021-09-01T12:13:05","guid":{"rendered":"http:\/\/arbol-vida.127.0.0.1.nip.io\/?page_id=63"},"modified":"2025-03-12T01:50:44","modified_gmt":"2025-03-12T01:50:44","slug":"reconocimientos","status":"publish","type":"page","link":"https:\/\/arbolyvida.com.ar\/index.php\/reconocimientos\/","title":{"rendered":"Reconocimientos"},"content":{"rendered":"\n<figure class=\"wp-block-pullquote\"><blockquote><p>Premio <strong>SAN SALVADOR 2021<\/strong>, <em>rubro Labor Profesional<\/em> por parte del Municipio de la capital juje\u00f1a.<\/p><\/blockquote><\/figure>\n\n\n\n<div class=\"wp-block-image\"><figure class=\"aligncenter size-large\"><img loading=\"lazy\" width=\"682\" height=\"1024\" src=\"https:\/\/arbolyvida.com.ar\/wp-content\/uploads\/2024\/02\/Foto-08-01-682x1024.jpg\" alt=\"\" class=\"wp-image-258\" srcset=\"https:\/\/arbolyvida.com.ar\/wp-content\/uploads\/2024\/02\/Foto-08-01-682x1024.jpg 682w, https:\/\/arbolyvida.com.ar\/wp-content\/uploads\/2024\/02\/Foto-08-01-200x300.jpg 200w, https:\/\/arbolyvida.com.ar\/wp-content\/uploads\/2024\/02\/Foto-08-01-768x1153.jpg 768w, https:\/\/arbolyvida.com.ar\/wp-content\/uploads\/2024\/02\/Foto-08-01-1023x1536.jpg 1023w, https:\/\/arbolyvida.com.ar\/wp-content\/uploads\/2024\/02\/Foto-08-01.jpg 1066w\" sizes=\"(max-width: 682px) 100vw, 682px\" \/><figcaption>La Municipalidad de San Salvador de Jujuy premi\u00f3 al Ing. Agr. Ezequiel Medina por las tareas de conservaci\u00f3n de bosques y reforestaci\u00f3n con Polylepis en el Parque Provincial Potrero de Yala.  Siendo pionero en reforestar con mas de 2.000 arboles en la provincia de Jujuy, con la colaboraci\u00f3n de estudiantes y voluntarios. <\/figcaption><\/figure><\/div>\n\n\n\n<p><\/p>\n\n\n\n<p><\/p>\n\n\n\n<figure class=\"wp-block-pullquote\"><blockquote><p>Premio <strong>DOCTOR JOS\u00c9 BALSEIRO<\/strong>, otorgado por el <em>Foro de Ciencia y Tecnolog\u00eda para la Producci\u00f3n.<\/em><\/p><\/blockquote><\/figure>\n\n\n\n<div class=\"wp-block-image\"><figure class=\"aligncenter size-full\"><img loading=\"lazy\" width=\"768\" height=\"1024\" src=\"https:\/\/arbolyvida.com.ar\/wp-content\/uploads\/2024\/02\/IMG-20230506-WA0032.jpg\" alt=\"\" class=\"wp-image-259\" srcset=\"https:\/\/arbolyvida.com.ar\/wp-content\/uploads\/2024\/02\/IMG-20230506-WA0032.jpg 768w, https:\/\/arbolyvida.com.ar\/wp-content\/uploads\/2024\/02\/IMG-20230506-WA0032-225x300.jpg 225w\" sizes=\"(max-width: 768px) 100vw, 768px\" \/><\/figure><\/div>\n\n\n\n<p class=\"has-text-align-center\">Reconocimiento que tiene como fin valorar el aporte del fundador de \u00c1rbol y Vida, generando entusiasmo y aliento para seguir <a href=\"https:\/\/www.lineacomoda.com\/linea.html\">rolex replica<\/a> escalando hacia un futuro mejor.<\/p>\n\n\n\n<p><\/p>\n\n\n\n<p><\/p>\n\n\n\n<figure class=\"wp-block-pullquote\"><blockquote><p>Distinci\u00f3n y declaraci\u00f3n de inter\u00e9s municipal.<\/p><p><\/p><\/blockquote><\/figure>\n\n\n\n<figure class=\"wp-block-image size-large\"><img loading=\"lazy\" width=\"1024\" height=\"768\" src=\"https:\/\/arbolyvida.com.ar\/wp-content\/uploads\/2024\/02\/Picsart_23-11-03_18-32-58-425-1024x768.jpg\" alt=\"\" class=\"wp-image-260\" srcset=\"https:\/\/arbolyvida.com.ar\/wp-content\/uploads\/2024\/02\/Picsart_23-11-03_18-32-58-425-1024x768.jpg 1024w, https:\/\/arbolyvida.com.ar\/wp-content\/uploads\/2024\/02\/Picsart_23-11-03_18-32-58-425-300x225.jpg 300w, https:\/\/arbolyvida.com.ar\/wp-content\/uploads\/2024\/02\/Picsart_23-11-03_18-32-58-425-768x576.jpg 768w, https:\/\/arbolyvida.com.ar\/wp-content\/uploads\/2024\/02\/Picsart_23-11-03_18-32-58-425-1536x1152.jpg 1536w, https:\/\/arbolyvida.com.ar\/wp-content\/uploads\/2024\/02\/Picsart_23-11-03_18-32-58-425.jpg 1600w\" sizes=\"(max-width: 1024px) 100vw, 1024px\" \/><\/figure>\n\n\n\n<p class=\"has-text-align-center\">Reconocimiento de inter\u00e9s para el proyecto \u00c1rbol y Vida por toda la acci\u00f3n realizada en la Provincia de Jujuy y distinci\u00f3n para el Ing. Ezequiel Medina por el recibimiento del premio Dr. Jos\u00e9 Balseiro.<\/p>\n\n\n\n<figure class=\"wp-block-pullquote\"><blockquote><p><strong>ACCI\u00d3N ANDINA ganadora del HEARTHSHOT PRIZE del Pr\u00edncipe William <\/strong>en la categor\u00eda <em>&#8220;Proteger y Restaurar la Naturaleza&#8221;<\/em><\/p><\/blockquote><\/figure>\n\n\n\n<div class=\"wp-block-image\"><figure class=\"aligncenter size-large\"><img loading=\"lazy\" width=\"768\" height=\"1024\" src=\"https:\/\/arbolyvida.com.ar\/wp-content\/uploads\/2024\/02\/IMG-20231107-WA0002-768x1024.jpg\" alt=\"\" class=\"wp-image-261\" srcset=\"https:\/\/arbolyvida.com.ar\/wp-content\/uploads\/2024\/02\/IMG-20231107-WA0002-768x1024.jpg 768w, https:\/\/arbolyvida.com.ar\/wp-content\/uploads\/2024\/02\/IMG-20231107-WA0002-225x300.jpg 225w, https:\/\/arbolyvida.com.ar\/wp-content\/uploads\/2024\/02\/IMG-20231107-WA0002-1152x1536.jpg 1152w, https:\/\/arbolyvida.com.ar\/wp-content\/uploads\/2024\/02\/IMG-20231107-WA0002.jpg 1536w\" sizes=\"(max-width: 768px) 100vw, 768px\" \/><figcaption>\u00c1rbol y Vida es parte de una gran red global llamada Acci\u00f3n Andina, gracias al trabajo diario de todos sus socios y al apoyo firme de esta familia, podemos celebrar junto a nuestros l\u00edderes este gran premio, contagiar y ampliar esfuerzos para lograr sociedades forestales resilientes.<\/figcaption><\/figure><\/div>\n\n\n\n<figure class=\"wp-block-pullquote\"><blockquote><p><strong><font style=\"vertical-align: inherit;\"><font style=\"vertical-align: inherit;\">Reconocimiento de la ONU<\/font><\/font><\/strong><font style=\"vertical-align: inherit;\"><font style=\"vertical-align: inherit;\">, \u00c1rbol y Vida ahora forma parte del <\/font><\/font><em><font style=\"vertical-align: inherit;\"><font style=\"vertical-align: inherit;\">World Restoration Flagship de la ONU<\/font><\/font><\/em>.<\/p><\/blockquote><\/figure>\n\n\n\n<figure class=\"wp-block-image size-large\"><img loading=\"lazy\" width=\"1024\" height=\"819\" src=\"https:\/\/arbolyvida.com.ar\/wp-content\/uploads\/2024\/02\/WhatsApp-Image-2024-02-27-at-6.20.28-AM-1024x819.jpeg\" alt=\"\" class=\"wp-image-262\" srcset=\"https:\/\/arbolyvida.com.ar\/wp-content\/uploads\/2024\/02\/WhatsApp-Image-2024-02-27-at-6.20.28-AM-1024x819.jpeg 1024w, https:\/\/arbolyvida.com.ar\/wp-content\/uploads\/2024\/02\/WhatsApp-Image-2024-02-27-at-6.20.28-AM-300x240.jpeg 300w, https:\/\/arbolyvida.com.ar\/wp-content\/uploads\/2024\/02\/WhatsApp-Image-2024-02-27-at-6.20.28-AM-768x614.jpeg 768w, https:\/\/arbolyvida.com.ar\/wp-content\/uploads\/2024\/02\/WhatsApp-Image-2024-02-27-at-6.20.28-AM.jpeg 1280w\" sizes=\"(max-width: 1024px) 100vw, 1024px\" \/><\/figure>\n","protected":false},"excerpt":{"rendered":"<p>Premio SAN SALVADOR 2021, rubro Labor Profesional por parte del Municipio de la capital juje\u00f1a. Premio DOCTOR JOS\u00c9 BALSEIRO, otorgado por el Foro de Ciencia y Tecnolog\u00eda para la Producci\u00f3n. Reconocimiento que tiene como fin valorar el aporte del fundador de \u00c1rbol y Vida, generando entusiasmo y aliento para seguir [&hellip;]<\/p>\n","protected":false},"author":1,"featured_media":0,"parent":0,"menu_order":0,"comment_status":"closed","ping_status":"closed","template":"","meta":[],"_links":{"self":[{"href":"https:\/\/arbolyvida.com.ar\/index.php\/wp-json\/wp\/v2\/pages\/63"}],"collection":[{"href":"https:\/\/arbolyvida.com.ar\/index.php\/wp-json\/wp\/v2\/pages"}],"about":[{"href":"https:\/\/arbolyvida.com.ar\/index.php\/wp-json\/wp\/v2\/types\/page"}],"author":[{"embeddable":true,"href":"https:\/\/arbolyvida.com.ar\/index.php\/wp-json\/wp\/v2\/users\/1"}],"replies":[{"embeddable":true,"href":"https:\/\/arbolyvida.com.ar\/index.php\/wp-json\/wp\/v2\/comments?post=63"}],"version-history":[{"count":6,"href":"https:\/\/arbolyvida.com.ar\/index.php\/wp-json\/wp\/v2\/pages\/63\/revisions"}],"predecessor-version":[{"id":537,"href":"https:\/\/arbolyvida.com.ar\/index.php\/wp-json\/wp\/v2\/pages\/63\/revisions\/537"}],"wp:attachment":[{"href":"https:\/\/arbolyvida.com.ar\/index.php\/wp-json\/wp\/v2\/media?parent=63"}],"curies":[{"name":"wp","href":"https:\/\/api.w.org\/{rel}","templated":true}]}}

<figure class="wp-block-pullquote"><blockquote><p>Premio <strong>SAN SALVADOR 2021</strong>, <em>rubro Labor Profesional</em> por parte del Municipio de la capital jujeña.</p></blockquote></figure>



<div class="wp-block-image"><figure class="aligncenter size-large"><img loading="lazy" width="682" height="1024" src="https://arbolyvida.com.ar/wp-content/uploads/2024/02/Foto-08-01-682x1024.jpg" alt="" class="wp-image-258" srcset="https://arbolyvida.com.ar/wp-content/uploads/2024/02/Foto-08-01-682x1024.jpg 682w, https://arbolyvida.com.ar/wp-content/uploads/2024/02/Foto-08-01-200x300.jpg 200w, https://arbolyvida.com.ar/wp-content/uploads/2024/02/Foto-08-01-768x1153.jpg 768w, https://arbolyvida.com.ar/wp-content/uploads/2024/02/Foto-08-01-1023x1536.jpg 1023w, https://arbolyvida.com.ar/wp-content/uploads/2024/02/Foto-08-01.jpg 1066w" sizes="(max-width: 682px) 100vw, 682px" /><figcaption>La Municipalidad de San Salvador de Jujuy premió al Ing. Agr. Ezequiel Medina por las tareas de conservación de bosques y reforestación con Polylepis en el Parque Provincial Potrero de Yala.  Siendo pionero en reforestar con mas de 2.000 arboles en la provincia de Jujuy, con la colaboración de estudiantes y voluntarios. </figcaption></figure></div>



<p></p>



<p></p>



<figure class="wp-block-pullquote"><blockquote><p>Premio <strong>DOCTOR JOSÉ BALSEIRO</strong>, otorgado por el <em>Foro de Ciencia y Tecnología para la Producción.</em></p></blockquote></figure>



<div class="wp-block-image"><figure class="aligncenter size-full"><img loading="lazy" width="768" height="1024" src="https://arbolyvida.com.ar/wp-content/uploads/2024/02/IMG-20230506-WA0032.jpg" alt="" class="wp-image-259" srcset="https://arbolyvida.com.ar/wp-content/uploads/2024/02/IMG-20230506-WA0032.jpg 768w, https://arbolyvida.com.ar/wp-content/uploads/2024/02/IMG-20230506-WA0032-225x300.jpg 225w" sizes="(max-width: 768px) 100vw, 768px" /></figure></div>



<p class="has-text-align-center">Reconocimiento que tiene como fin valorar el aporte del fundador de Árbol y Vida, generando entusiasmo y aliento para seguir <a href="https://www.lineacomoda.com/linea.html">rolex replica</a> escalando hacia un futuro mejor.</p>



<p></p>



<p></p>



<figure class="wp-block-pullquote"><blockquote><p>Distinción y declaración de interés municipal.</p><p></p></blockquote></figure>



<figure class="wp-block-image size-large"><img loading="lazy" width="1024" height="768" src="https://arbolyvida.com.ar/wp-content/uploads/2024/02/Picsart_23-11-03_18-32-58-425-1024x768.jpg" alt="" class="wp-image-260" srcset="https://arbolyvida.com.ar/wp-content/uploads/2024/02/Picsart_23-11-03_18-32-58-425-1024x768.jpg 1024w, https://arbolyvida.com.ar/wp-content/uploads/2024/02/Picsart_23-11-03_18-32-58-425-300x225.jpg 300w, https://arbolyvida.com.ar/wp-content/uploads/2024/02/Picsart_23-11-03_18-32-58-425-768x576.jpg 768w, https://arbolyvida.com.ar/wp-content/uploads/2024/02/Picsart_23-11-03_18-32-58-425-1536x1152.jpg 1536w, https://arbolyvida.com.ar/wp-content/uploads/2024/02/Picsart_23-11-03_18-32-58-425.jpg 1600w" sizes="(max-width: 1024px) 100vw, 1024px" /></figure>



<p class="has-text-align-center">Reconocimiento de interés para el proyecto Árbol y Vida por toda la acción realizada en la Provincia de Jujuy y distinción para el Ing. Ezequiel Medina por el recibimiento del premio Dr. José Balseiro.</p>



<figure class="wp-block-pullquote"><blockquote><p><strong>ACCIÓN ANDINA ganadora del HEARTHSHOT PRIZE del Príncipe William </strong>en la categoría <em>&#8220;Proteger y Restaurar la Naturaleza&#8221;</em></p></blockquote></figure>



<div class="wp-block-image"><figure class="aligncenter size-large"><img loading="lazy" width="768" height="1024" src="https://arbolyvida.com.ar/wp-content/uploads/2024/02/IMG-20231107-WA0002-768x1024.jpg" alt="" class="wp-image-261" srcset="https://arbolyvida.com.ar/wp-content/uploads/2024/02/IMG-20231107-WA0002-768x1024.jpg 768w, https://arbolyvida.com.ar/wp-content/uploads/2024/02/IMG-20231107-WA0002-225x300.jpg 225w, https://arbolyvida.com.ar/wp-content/uploads/2024/02/IMG-20231107-WA0002-1152x1536.jpg 1152w, https://arbolyvida.com.ar/wp-content/uploads/2024/02/IMG-20231107-WA0002.jpg 1536w" sizes="(max-width: 768px) 100vw, 768px" /><figcaption>Árbol y Vida es parte de una gran red global llamada Acción Andina, gracias al trabajo diario de todos sus socios y al apoyo firme de esta familia, podemos celebrar junto a nuestros líderes este gran premio, contagiar y ampliar esfuerzos para lograr sociedades forestales resilientes.</figcaption></figure></div>



<figure class="wp-block-pullquote"><blockquote><p><strong><font style="vertical-align: inherit;"><font style="vertical-align: inherit;">Reconocimiento de la ONU</font></font></strong><font style="vertical-align: inherit;"><font style="vertical-align: inherit;">, Árbol y Vida ahora forma parte del </font></font><em><font style="vertical-align: inherit;"><font style="vertical-align: inherit;">World Restoration Flagship de la ONU</font></font></em>.</p></blockquote></figure>



<figure class="wp-block-image size-large"><img loading="lazy" width="1024" height="819" src="https://arbolyvida.com.ar/wp-content/uploads/2024/02/WhatsApp-Image-2024-02-27-at-6.20.28-AM-1024x819.jpeg" alt="" class="wp-image-262" srcset="https://arbolyvida.com.ar/wp-content/uploads/2024/02/WhatsApp-Image-2024-02-27-at-6.20.28-AM-1024x819.jpeg 1024w, https://arbolyvida.com.ar/wp-content/uploads/2024/02/WhatsApp-Image-2024-02-27-at-6.20.28-AM-300x240.jpeg 300w, https://arbolyvida.com.ar/wp-content/uploads/2024/02/WhatsApp-Image-2024-02-27-at-6.20.28-AM-768x614.jpeg 768w, https://arbolyvida.com.ar/wp-content/uploads/2024/02/WhatsApp-Image-2024-02-27-at-6.20.28-AM.jpeg 1280w" sizes="(max-width: 1024px) 100vw, 1024px" /></figure>

<p>Premio SAN SALVADOR 2021, rubro Labor Profesional por parte del Municipio de la capital jujeña. Premio DOCTOR JOSÉ BALSEIRO, otorgado por el Foro de Ciencia y Tecnología para la Producción. Reconocimiento que tiene como fin valorar el aporte del fundador de Árbol y Vida, generando entusiasmo y aliento para seguir [&hellip;]</p>
