{"id":75,"date":"2021-09-01T13:31:11","date_gmt":"2021-09-01T13:31:11","guid":{"rendered":"http:\/\/arbol-vida.104.248.239.84.nip.io\/index.php\/hestia-front\/"},"modified":"2024-07-01T22:30:38","modified_gmt":"2024-07-01T22:30:38","slug":"hestia-front","status":"publish","type":"page","link":"https:\/\/arbolyvida.com.ar\/","title":{"rendered":"\u00c1RBOL Y VIDA"},"content":{"rendered":"\n<div class=\"wp-block-columns\">\n<div class=\"wp-block-column\" style=\"flex-basis:100%\">\n<h2><\/h2>\n<\/div>\n<\/div>\n\n\n\n<h1 class=\"has-medium-font-size\"><font style=\"vertical-align: inherit;\"><font style=\"vertical-align: inherit;\">Apadrinados por ACCI\u00d3N ANDINA y en sinergia junto a las comunidades, voluntarios y municipios, nos encaminamos a\u00f1o a a\u00f1o a plantar cada vez m\u00e1s ejemplares de Polylepis en la provincia de Jujuy. Fomentando la restauraci\u00f3n de bosques y la conservaci\u00f3n buscamos generar conciencia ambiental desde la educaci\u00f3n y la acci\u00f3n en diferentes regiones, este proyecto tiene como objeto poder dejar un legado digno a nuestras generaciones futuras.<\/font><\/font><\/h1>\n\n\n\n<div class=\"wp-block-columns\">\n<div class=\"wp-block-column\" style=\"flex-basis:100%\">\n<h2><\/h2>\n<\/div>\n<\/div>\n","protected":false},"excerpt":{"rendered":"<p>Apadrinados por ACCI\u00d3N ANDINA y en sinergia junto a las comunidades, voluntarios y municipios, nos encaminamos a\u00f1o a a\u00f1o a plantar cada vez m\u00e1s ejemplares de Polylepis en la provincia de Jujuy. Fomentando la restauraci\u00f3n de bosques y la conservaci\u00f3n buscamos generar conciencia ambiental desde la educaci\u00f3n y la acci\u00f3n [&hellip;]<\/p>\n","protected":false},"author":1,"featured_media":288,"parent":0,"menu_order":0,"comment_status":"closed","ping_status":"closed","template":"","meta":[],"_links":{"self":[{"href":"https:\/\/arbolyvida.com.ar\/index.php\/wp-json\/wp\/v2\/pages\/75"}],"collection":[{"href":"https:\/\/arbolyvida.com.ar\/index.php\/wp-json\/wp\/v2\/pages"}],"about":[{"href":"https:\/\/arbolyvida.com.ar\/index.php\/wp-json\/wp\/v2\/types\/page"}],"author":[{"embeddable":true,"href":"https:\/\/arbolyvida.com.ar\/index.php\/wp-json\/wp\/v2\/users\/1"}],"replies":[{"embeddable":true,"href":"https:\/\/arbolyvida.com.ar\/index.php\/wp-json\/wp\/v2\/comments?post=75"}],"version-history":[{"count":9,"href":"https:\/\/arbolyvida.com.ar\/index.php\/wp-json\/wp\/v2\/pages\/75\/revisions"}],"predecessor-version":[{"id":482,"href":"https:\/\/arbolyvida.com.ar\/index.php\/wp-json\/wp\/v2\/pages\/75\/revisions\/482"}],"wp:featuredmedia":[{"embeddable":true,"href":"https:\/\/arbolyvida.com.ar\/index.php\/wp-json\/wp\/v2\/media\/288"}],"wp:attachment":[{"href":"https:\/\/arbolyvida.com.ar\/index.php\/wp-json\/wp\/v2\/media?parent=75"}],"curies":[{"name":"wp","href":"https:\/\/api.w.org\/{rel}","templated":true}]}}

ÁRBOL Y VIDA

<div class="wp-block-columns">
<div class="wp-block-column" style="flex-basis:100%">
<h2></h2>
</div>
</div>



<h1 class="has-medium-font-size"><font style="vertical-align: inherit;"><font style="vertical-align: inherit;">Apadrinados por ACCIÓN ANDINA y en sinergia junto a las comunidades, voluntarios y municipios, nos encaminamos año a año a plantar cada vez más ejemplares de Polylepis en la provincia de Jujuy. Fomentando la restauración de bosques y la conservación buscamos generar conciencia ambiental desde la educación y la acción en diferentes regiones, este proyecto tiene como objeto poder dejar un legado digno a nuestras generaciones futuras.</font></font></h1>



<div class="wp-block-columns">
<div class="wp-block-column" style="flex-basis:100%">
<h2></h2>
</div>
</div>

<p>Apadrinados por ACCIÓN ANDINA y en sinergia junto a las comunidades, voluntarios y municipios, nos encaminamos año a año a plantar cada vez más ejemplares de Polylepis en la provincia de Jujuy. Fomentando la restauración de bosques y la conservación buscamos generar conciencia ambiental desde la educación y la acción [&hellip;]</p>
