{"id":84,"date":"2021-09-08T21:03:33","date_gmt":"2021-09-08T21:03:33","guid":{"rendered":"http:\/\/arbol-vida.104.248.239.84.nip.io\/?page_id=84"},"modified":"2024-06-26T12:38:40","modified_gmt":"2024-06-26T12:38:40","slug":"accion-andina","status":"publish","type":"page","link":"https:\/\/arbolyvida.com.ar\/index.php\/accion-andina\/","title":{"rendered":"ACCI\u00d3N ANDINA"},"content":{"rendered":"\n<h1><\/h1>\n\n\n\n<div class=\"wp-block-columns\">\n<div class=\"wp-block-column\" style=\"flex-basis:100%\">\n<div class=\"wp-block-columns alignfull\">\n<div class=\"wp-block-column\" style=\"flex-basis:100%\">\n<figure class=\"wp-block-image alignfull size-large\"><img loading=\"lazy\" width=\"1024\" height=\"681\" src=\"https:\/\/arbolyvida.com.ar\/wp-content\/uploads\/2024\/03\/20231018_UNEP_World-Restoration-Flagship_Accion-Andi-4-1024x681.jpg\" alt=\"\" class=\"wp-image-365\" srcset=\"https:\/\/arbolyvida.com.ar\/wp-content\/uploads\/2024\/03\/20231018_UNEP_World-Restoration-Flagship_Accion-Andi-4-1024x681.jpg 1024w, https:\/\/arbolyvida.com.ar\/wp-content\/uploads\/2024\/03\/20231018_UNEP_World-Restoration-Flagship_Accion-Andi-4-300x200.jpg 300w, https:\/\/arbolyvida.com.ar\/wp-content\/uploads\/2024\/03\/20231018_UNEP_World-Restoration-Flagship_Accion-Andi-4-768x511.jpg 768w, https:\/\/arbolyvida.com.ar\/wp-content\/uploads\/2024\/03\/20231018_UNEP_World-Restoration-Flagship_Accion-Andi-4-1536x1022.jpg 1536w, https:\/\/arbolyvida.com.ar\/wp-content\/uploads\/2024\/03\/20231018_UNEP_World-Restoration-Flagship_Accion-Andi-4-360x240.jpg 360w, https:\/\/arbolyvida.com.ar\/wp-content\/uploads\/2024\/03\/20231018_UNEP_World-Restoration-Flagship_Accion-Andi-4.jpg 2000w\" sizes=\"(max-width: 1024px) 100vw, 1024px\" \/><\/figure>\n\n\n\n<div class=\"wp-block-group\"><div class=\"wp-block-group__inner-container\">\n<p class=\"has-text-align-center\">Acci\u00f3n Andina fortalece capacidades de liderazgo y potencia la conservaci\u00f3n, investigaci\u00f3n y restauraci\u00f3n de los bosques de <em>Polylepis <\/em>a trav\u00e9s del trabajo colectivo y compromiso estable con comunidades y autoridades locales. Desde el 2018, ECOAN y Global Forest Generation (GFG) unen esfuerzos para crear alianzas a largo plazo con socios en Colombia, Ecuador, Per\u00fa, Bolivia, Argentina y Chile, dentro de la iniciativa Acci\u00f3n Andina.<\/p>\n<\/div><\/div>\n\n\n\n<p class=\"has-text-align-center\"><\/p>\n\n\n\n<div class=\"wp-block-media-text alignwide is-stacked-on-mobile\"><figure class=\"wp-block-media-text__media\"><img loading=\"lazy\" width=\"768\" height=\"1024\" src=\"https:\/\/arbolyvida.com.ar\/wp-content\/uploads\/2024\/03\/IMG-20220702-WA0018-768x1024.jpg\" alt=\"\" class=\"wp-image-424 size-full\" srcset=\"https:\/\/arbolyvida.com.ar\/wp-content\/uploads\/2024\/03\/IMG-20220702-WA0018-768x1024.jpg 768w, https:\/\/arbolyvida.com.ar\/wp-content\/uploads\/2024\/03\/IMG-20220702-WA0018-225x300.jpg 225w, https:\/\/arbolyvida.com.ar\/wp-content\/uploads\/2024\/03\/IMG-20220702-WA0018-1152x1536.jpg 1152w, https:\/\/arbolyvida.com.ar\/wp-content\/uploads\/2024\/03\/IMG-20220702-WA0018.jpg 1200w\" sizes=\"(max-width: 768px) 100vw, 768px\" \/><\/figure><div class=\"wp-block-media-text__content\">\n<p>Desde Argentina, \u00c1rbol y Vida forma parte de esta gran red global. Trabajando con comunidades en Santa Catalina, con pobladores y guardaparques en Yala, nos encaminamos ampliar las \u00e1reas reforestadas y hacer nuestro sue\u00f1o posible.<\/p>\n\n\n\n<p>Existe un arduo trabajo detr\u00e1s, desde la producci\u00f3n de plantines, hasta la plantaci\u00f3n de los mismos, desde el contacto con comunidades hasta el trabajo en equipo. No se trata de solo plantar arboles, se busca generar conciencia, fomentar al acci\u00f3n del cuidado de nuestro planeta y unir alianzas para un cambio a gran escala.<\/p>\n<\/div><\/div>\n<\/div>\n<\/div>\n\n\n\n<div class=\"wp-block-image\"><figure class=\"aligncenter size-large is-resized\"><img loading=\"lazy\" src=\"https:\/\/arbolyvida.com.ar\/wp-content\/uploads\/2024\/03\/accion-andina-color-2-1024x465.png\" alt=\"\" class=\"wp-image-374\" width=\"483\" height=\"219\" srcset=\"https:\/\/arbolyvida.com.ar\/wp-content\/uploads\/2024\/03\/accion-andina-color-2-1024x465.png 1024w, https:\/\/arbolyvida.com.ar\/wp-content\/uploads\/2024\/03\/accion-andina-color-2-300x136.png 300w, https:\/\/arbolyvida.com.ar\/wp-content\/uploads\/2024\/03\/accion-andina-color-2-768x349.png 768w, https:\/\/arbolyvida.com.ar\/wp-content\/uploads\/2024\/03\/accion-andina-color-2-1536x698.png 1536w, https:\/\/arbolyvida.com.ar\/wp-content\/uploads\/2024\/03\/accion-andina-color-2-2048x931.png 2048w\" sizes=\"(max-width: 483px) 100vw, 483px\" \/><\/figure><\/div>\n\n\n\n<p class=\"has-text-align-center\">CON EL SOPORTE DE<\/p>\n\n\n\n<div class=\"wp-block-columns\">\n<div class=\"wp-block-column\">\n<figure class=\"wp-block-image size-large\"><img loading=\"lazy\" width=\"1024\" height=\"372\" src=\"https:\/\/arbolyvida.com.ar\/wp-content\/uploads\/2024\/03\/ECOAN-color-1024x372.png\" alt=\"\" class=\"wp-image-375\" srcset=\"https:\/\/arbolyvida.com.ar\/wp-content\/uploads\/2024\/03\/ECOAN-color-1024x372.png 1024w, https:\/\/arbolyvida.com.ar\/wp-content\/uploads\/2024\/03\/ECOAN-color-300x109.png 300w, https:\/\/arbolyvida.com.ar\/wp-content\/uploads\/2024\/03\/ECOAN-color-768x279.png 768w, https:\/\/arbolyvida.com.ar\/wp-content\/uploads\/2024\/03\/ECOAN-color-1536x559.png 1536w, https:\/\/arbolyvida.com.ar\/wp-content\/uploads\/2024\/03\/ECOAN-color-2048x745.png 2048w\" sizes=\"(max-width: 1024px) 100vw, 1024px\" \/><figcaption>Es una ONG sin fines de lucro dedicada a la conservaci\u00f3n de especies en peligro y ecosistemas andinos amenazados. Su misi\u00f3n es proteger la biodiversidad, promover el uso sostenible de los recursos naturales y restaurar \u00e1reas degradadas, en un marco de participaci\u00f3n y compromiso mutuo con las comunidades en \u00e1mbitos locales, regionales y nacionales.<\/figcaption><\/figure>\n<\/div>\n\n\n\n<div class=\"wp-block-column\">\n<figure class=\"wp-block-image size-large\"><img loading=\"lazy\" width=\"1024\" height=\"342\" src=\"https:\/\/arbolyvida.com.ar\/wp-content\/uploads\/2024\/03\/GFG-color-1024x342.png\" alt=\"\" class=\"wp-image-376\" srcset=\"https:\/\/arbolyvida.com.ar\/wp-content\/uploads\/2024\/03\/GFG-color-1024x342.png 1024w, https:\/\/arbolyvida.com.ar\/wp-content\/uploads\/2024\/03\/GFG-color-300x100.png 300w, https:\/\/arbolyvida.com.ar\/wp-content\/uploads\/2024\/03\/GFG-color-768x256.png 768w, https:\/\/arbolyvida.com.ar\/wp-content\/uploads\/2024\/03\/GFG-color-1536x512.png 1536w, https:\/\/arbolyvida.com.ar\/wp-content\/uploads\/2024\/03\/GFG-color-2048x683.png 2048w\" sizes=\"(max-width: 1024px) 100vw, 1024px\" \/><figcaption>Busca lograr la regeneraci\u00f3n a gran escala de los bosques nativos. Los ecosistemas forestales saludables son el hogar del 80% de los animales y plantas terrestres de la Tierra. Interesados por las asociaciones con l\u00edderes y comunidades locales, para que se planten especies correctas en lugares correctos. Los v\u00ednculos duraderos con comunidades son esenciales para la restauraci\u00f3n efectiva.<\/figcaption><\/figure>\n<\/div>\n<\/div>\n\n\n\n<div class=\"wp-block-cover alignwide has-background-dim\"><img loading=\"lazy\" width=\"1024\" height=\"682\" class=\"wp-block-cover__image-background wp-image-382\" alt=\"\" src=\"https:\/\/arbolyvida.com.ar\/wp-content\/uploads\/2024\/03\/20231018_UNEP_World-Restoration-Flagship_Accion-Andina_E-1024x682.jpg\" data-object-fit=\"cover\" srcset=\"https:\/\/arbolyvida.com.ar\/wp-content\/uploads\/2024\/03\/20231018_UNEP_World-Restoration-Flagship_Accion-Andina_E-1024x682.jpg 1024w, https:\/\/arbolyvida.com.ar\/wp-content\/uploads\/2024\/03\/20231018_UNEP_World-Restoration-Flagship_Accion-Andina_E-300x200.jpg 300w, https:\/\/arbolyvida.com.ar\/wp-content\/uploads\/2024\/03\/20231018_UNEP_World-Restoration-Flagship_Accion-Andina_E-768x512.jpg 768w, https:\/\/arbolyvida.com.ar\/wp-content\/uploads\/2024\/03\/20231018_UNEP_World-Restoration-Flagship_Accion-Andina_E-1536x1024.jpg 1536w, https:\/\/arbolyvida.com.ar\/wp-content\/uploads\/2024\/03\/20231018_UNEP_World-Restoration-Flagship_Accion-Andina_E-360x240.jpg 360w, https:\/\/arbolyvida.com.ar\/wp-content\/uploads\/2024\/03\/20231018_UNEP_World-Restoration-Flagship_Accion-Andina_E.jpg 2000w\" sizes=\"(max-width: 1024px) 100vw, 1024px\" \/><div class=\"wp-block-cover__inner-container\">\n<figure class=\"wp-block-pullquote alignfull\"><blockquote><p><strong>Al rededor de 10 MILLONES DE ARBOLES PLANTADOS<\/strong><\/p><cite>y seguimos sumando&#8230;<\/cite><\/blockquote><\/figure>\n\n\n\n<p><\/p>\n<\/div><\/div>\n\n\n\n<p><\/p>\n\n\n\n<h5 class=\"has-text-align-center has-accent-color has-text-color\"><a rel=\"noreferrer noopener\" href=\"https:\/\/accion-andina.org\" data-type=\"URL\" data-id=\"https:\/\/accion-andina.org\" target=\"_blank\"><strong><font style=\"vertical-align: inherit;\"><font style=\"vertical-align: inherit;\">https:\/\/acci\u00f3n-andina.org\/?doing_wp_cron=1709744006.8090810775756835937500<\/font><\/font><\/strong><\/a><\/h5>\n\n\n\n<p><\/p>\n\n\n\n<figure class=\"wp-block-image size-large\"><img loading=\"lazy\" width=\"1024\" height=\"682\" src=\"https:\/\/arbolyvida.com.ar\/wp-content\/uploads\/2024\/03\/20231018_UNEP_World-Restoration-Flagship_Accion-Andi-8-1024x682.jpg\" alt=\"\" class=\"wp-image-384\" srcset=\"https:\/\/arbolyvida.com.ar\/wp-content\/uploads\/2024\/03\/20231018_UNEP_World-Restoration-Flagship_Accion-Andi-8-1024x682.jpg 1024w, https:\/\/arbolyvida.com.ar\/wp-content\/uploads\/2024\/03\/20231018_UNEP_World-Restoration-Flagship_Accion-Andi-8-300x200.jpg 300w, https:\/\/arbolyvida.com.ar\/wp-content\/uploads\/2024\/03\/20231018_UNEP_World-Restoration-Flagship_Accion-Andi-8-768x512.jpg 768w, https:\/\/arbolyvida.com.ar\/wp-content\/uploads\/2024\/03\/20231018_UNEP_World-Restoration-Flagship_Accion-Andi-8-1536x1024.jpg 1536w, https:\/\/arbolyvida.com.ar\/wp-content\/uploads\/2024\/03\/20231018_UNEP_World-Restoration-Flagship_Accion-Andi-8-360x240.jpg 360w, https:\/\/arbolyvida.com.ar\/wp-content\/uploads\/2024\/03\/20231018_UNEP_World-Restoration-Flagship_Accion-Andi-8.jpg 2000w\" sizes=\"(max-width: 1024px) 100vw, 1024px\" \/><\/figure>\n\n\n\n<figure class=\"wp-block-gallery columns-2 is-cropped\"><ul class=\"blocks-gallery-grid\"><li class=\"blocks-gallery-item\"><figure><img loading=\"lazy\" width=\"1024\" height=\"682\" src=\"https:\/\/arbolyvida.com.ar\/wp-content\/uploads\/2024\/03\/20231018_UNEP_World-Restoration-Flagship_Accion-And-12-1-1024x682.jpg\" alt=\"\" data-id=\"386\" data-full-url=\"https:\/\/arbolyvida.com.ar\/wp-content\/uploads\/2024\/03\/20231018_UNEP_World-Restoration-Flagship_Accion-And-12-1.jpg\" data-link=\"https:\/\/arbolyvida.com.ar\/index.php\/accion-andina\/20231018_unep_world-restoration-flagship_accion-and-12-1\/\" class=\"wp-image-386\" srcset=\"https:\/\/arbolyvida.com.ar\/wp-content\/uploads\/2024\/03\/20231018_UNEP_World-Restoration-Flagship_Accion-And-12-1-1024x682.jpg 1024w, https:\/\/arbolyvida.com.ar\/wp-content\/uploads\/2024\/03\/20231018_UNEP_World-Restoration-Flagship_Accion-And-12-1-300x200.jpg 300w, https:\/\/arbolyvida.com.ar\/wp-content\/uploads\/2024\/03\/20231018_UNEP_World-Restoration-Flagship_Accion-And-12-1-768x512.jpg 768w, https:\/\/arbolyvida.com.ar\/wp-content\/uploads\/2024\/03\/20231018_UNEP_World-Restoration-Flagship_Accion-And-12-1-1536x1024.jpg 1536w, https:\/\/arbolyvida.com.ar\/wp-content\/uploads\/2024\/03\/20231018_UNEP_World-Restoration-Flagship_Accion-And-12-1-360x240.jpg 360w, https:\/\/arbolyvida.com.ar\/wp-content\/uploads\/2024\/03\/20231018_UNEP_World-Restoration-Flagship_Accion-And-12-1.jpg 2000w\" sizes=\"(max-width: 1024px) 100vw, 1024px\" \/><\/figure><\/li><li class=\"blocks-gallery-item\"><figure><img loading=\"lazy\" width=\"1024\" height=\"681\" src=\"https:\/\/arbolyvida.com.ar\/wp-content\/uploads\/2024\/03\/20231018_UNEP_World-Restoration-Flagship_Accion-And-11-1-1024x681.jpg\" alt=\"\" data-id=\"390\" data-full-url=\"https:\/\/arbolyvida.com.ar\/wp-content\/uploads\/2024\/03\/20231018_UNEP_World-Restoration-Flagship_Accion-And-11-1.jpg\" data-link=\"https:\/\/arbolyvida.com.ar\/index.php\/accion-andina\/20231018_unep_world-restoration-flagship_accion-and-11-1\/\" class=\"wp-image-390\" srcset=\"https:\/\/arbolyvida.com.ar\/wp-content\/uploads\/2024\/03\/20231018_UNEP_World-Restoration-Flagship_Accion-And-11-1-1024x681.jpg 1024w, https:\/\/arbolyvida.com.ar\/wp-content\/uploads\/2024\/03\/20231018_UNEP_World-Restoration-Flagship_Accion-And-11-1-300x200.jpg 300w, https:\/\/arbolyvida.com.ar\/wp-content\/uploads\/2024\/03\/20231018_UNEP_World-Restoration-Flagship_Accion-And-11-1-768x511.jpg 768w, https:\/\/arbolyvida.com.ar\/wp-content\/uploads\/2024\/03\/20231018_UNEP_World-Restoration-Flagship_Accion-And-11-1-1536x1022.jpg 1536w, https:\/\/arbolyvida.com.ar\/wp-content\/uploads\/2024\/03\/20231018_UNEP_World-Restoration-Flagship_Accion-And-11-1-360x240.jpg 360w, https:\/\/arbolyvida.com.ar\/wp-content\/uploads\/2024\/03\/20231018_UNEP_World-Restoration-Flagship_Accion-And-11-1.jpg 2000w\" sizes=\"(max-width: 1024px) 100vw, 1024px\" \/><\/figure><\/li><\/ul><\/figure>\n\n\n\n<figure class=\"wp-block-image\"><img alt=\"\"\/><\/figure>\n\n\n\n<figure class=\"wp-block-gallery columns-0 is-cropped\"><ul class=\"blocks-gallery-grid\"><\/ul><\/figure>\n<\/div>\n<\/div>\n\n\n\n<h5 class=\"alignfull has-text-align-center\"><em><strong>A continuaci\u00f3n, algunos momentos de \u00c1rbol y Vida dentro del programa de Acci\u00f3n Andina.<\/strong><\/em><\/h5>\n\n\n\n<figure class=\"wp-block-image size-large\"><img loading=\"lazy\" width=\"1024\" height=\"576\" src=\"https:\/\/arbolyvida.com.ar\/wp-content\/uploads\/2024\/03\/20230330_124816-2-1024x576.jpg\" alt=\"\" class=\"wp-image-443\" srcset=\"https:\/\/arbolyvida.com.ar\/wp-content\/uploads\/2024\/03\/20230330_124816-2-1024x576.jpg 1024w, https:\/\/arbolyvida.com.ar\/wp-content\/uploads\/2024\/03\/20230330_124816-2-300x169.jpg 300w, https:\/\/arbolyvida.com.ar\/wp-content\/uploads\/2024\/03\/20230330_124816-2-768x432.jpg 768w, https:\/\/arbolyvida.com.ar\/wp-content\/uploads\/2024\/03\/20230330_124816-2-1536x864.jpg 1536w, https:\/\/arbolyvida.com.ar\/wp-content\/uploads\/2024\/03\/20230330_124816-2-2048x1152.jpg 2048w\" sizes=\"(max-width: 1024px) 100vw, 1024px\" \/><\/figure>\n\n\n\n<figure class=\"wp-block-gallery columns-2 is-cropped\"><ul class=\"blocks-gallery-grid\"><li class=\"blocks-gallery-item\"><figure><img loading=\"lazy\" width=\"576\" height=\"1024\" src=\"https:\/\/arbolyvida.com.ar\/wp-content\/uploads\/2024\/03\/20230113_092927-3-576x1024.jpg\" alt=\"\" data-id=\"450\" data-full-url=\"https:\/\/arbolyvida.com.ar\/wp-content\/uploads\/2024\/03\/20230113_092927-3-scaled.jpg\" data-link=\"https:\/\/arbolyvida.com.ar\/index.php\/accion-andina\/20230113_092927-3\/\" class=\"wp-image-450\" srcset=\"https:\/\/arbolyvida.com.ar\/wp-content\/uploads\/2024\/03\/20230113_092927-3-576x1024.jpg 576w, https:\/\/arbolyvida.com.ar\/wp-content\/uploads\/2024\/03\/20230113_092927-3-169x300.jpg 169w, https:\/\/arbolyvida.com.ar\/wp-content\/uploads\/2024\/03\/20230113_092927-3-768x1365.jpg 768w, https:\/\/arbolyvida.com.ar\/wp-content\/uploads\/2024\/03\/20230113_092927-3-864x1536.jpg 864w, https:\/\/arbolyvida.com.ar\/wp-content\/uploads\/2024\/03\/20230113_092927-3-1152x2048.jpg 1152w, https:\/\/arbolyvida.com.ar\/wp-content\/uploads\/2024\/03\/20230113_092927-3-scaled.jpg 1440w\" sizes=\"(max-width: 576px) 100vw, 576px\" \/><\/figure><\/li><li class=\"blocks-gallery-item\"><figure><img loading=\"lazy\" width=\"576\" height=\"1024\" src=\"https:\/\/arbolyvida.com.ar\/wp-content\/uploads\/2024\/03\/20230330_090626-3-576x1024.jpg\" alt=\"\" data-id=\"449\" data-full-url=\"https:\/\/arbolyvida.com.ar\/wp-content\/uploads\/2024\/03\/20230330_090626-3-scaled.jpg\" data-link=\"https:\/\/arbolyvida.com.ar\/index.php\/accion-andina\/20230330_090626-3\/\" class=\"wp-image-449\" srcset=\"https:\/\/arbolyvida.com.ar\/wp-content\/uploads\/2024\/03\/20230330_090626-3-576x1024.jpg 576w, https:\/\/arbolyvida.com.ar\/wp-content\/uploads\/2024\/03\/20230330_090626-3-169x300.jpg 169w, https:\/\/arbolyvida.com.ar\/wp-content\/uploads\/2024\/03\/20230330_090626-3-768x1365.jpg 768w, https:\/\/arbolyvida.com.ar\/wp-content\/uploads\/2024\/03\/20230330_090626-3-864x1536.jpg 864w, https:\/\/arbolyvida.com.ar\/wp-content\/uploads\/2024\/03\/20230330_090626-3-1152x2048.jpg 1152w, https:\/\/arbolyvida.com.ar\/wp-content\/uploads\/2024\/03\/20230330_090626-3-scaled.jpg 1440w\" sizes=\"(max-width: 576px) 100vw, 576px\" \/><\/figure><\/li><\/ul><\/figure>\n\n\n\n<figure class=\"wp-block-image size-large\"><img loading=\"lazy\" width=\"1024\" height=\"768\" src=\"https:\/\/arbolyvida.com.ar\/wp-content\/uploads\/2024\/03\/20230224_103622-1-1024x768.jpg\" alt=\"\" class=\"wp-image-446\" srcset=\"https:\/\/arbolyvida.com.ar\/wp-content\/uploads\/2024\/03\/20230224_103622-1-1024x768.jpg 1024w, https:\/\/arbolyvida.com.ar\/wp-content\/uploads\/2024\/03\/20230224_103622-1-300x225.jpg 300w, https:\/\/arbolyvida.com.ar\/wp-content\/uploads\/2024\/03\/20230224_103622-1-768x576.jpg 768w, https:\/\/arbolyvida.com.ar\/wp-content\/uploads\/2024\/03\/20230224_103622-1-1536x1152.jpg 1536w, https:\/\/arbolyvida.com.ar\/wp-content\/uploads\/2024\/03\/20230224_103622-1-2048x1536.jpg 2048w\" sizes=\"(max-width: 1024px) 100vw, 1024px\" \/><\/figure>\n\n\n\n<figure class=\"wp-block-gallery columns-2 is-cropped\"><ul class=\"blocks-gallery-grid\"><li class=\"blocks-gallery-item\"><figure><img loading=\"lazy\" width=\"768\" height=\"1024\" src=\"https:\/\/arbolyvida.com.ar\/wp-content\/uploads\/2024\/03\/20230228_155214-1-768x1024.jpg\" alt=\"\" data-id=\"452\" data-full-url=\"https:\/\/arbolyvida.com.ar\/wp-content\/uploads\/2024\/03\/20230228_155214-1-scaled.jpg\" data-link=\"https:\/\/arbolyvida.com.ar\/index.php\/accion-andina\/20230228_155214-1\/\" class=\"wp-image-452\" srcset=\"https:\/\/arbolyvida.com.ar\/wp-content\/uploads\/2024\/03\/20230228_155214-1-768x1024.jpg 768w, https:\/\/arbolyvida.com.ar\/wp-content\/uploads\/2024\/03\/20230228_155214-1-225x300.jpg 225w, https:\/\/arbolyvida.com.ar\/wp-content\/uploads\/2024\/03\/20230228_155214-1-1152x1536.jpg 1152w, https:\/\/arbolyvida.com.ar\/wp-content\/uploads\/2024\/03\/20230228_155214-1-1536x2048.jpg 1536w, https:\/\/arbolyvida.com.ar\/wp-content\/uploads\/2024\/03\/20230228_155214-1-scaled.jpg 1920w\" sizes=\"(max-width: 768px) 100vw, 768px\" \/><\/figure><\/li><li class=\"blocks-gallery-item\"><figure><img loading=\"lazy\" width=\"576\" height=\"1024\" src=\"https:\/\/arbolyvida.com.ar\/wp-content\/uploads\/2024\/03\/20230113_094436-1-576x1024.jpg\" alt=\"\" data-id=\"453\" data-full-url=\"https:\/\/arbolyvida.com.ar\/wp-content\/uploads\/2024\/03\/20230113_094436-1-scaled.jpg\" data-link=\"https:\/\/arbolyvida.com.ar\/index.php\/accion-andina\/20230113_094436-1\/\" class=\"wp-image-453\" srcset=\"https:\/\/arbolyvida.com.ar\/wp-content\/uploads\/2024\/03\/20230113_094436-1-576x1024.jpg 576w, https:\/\/arbolyvida.com.ar\/wp-content\/uploads\/2024\/03\/20230113_094436-1-169x300.jpg 169w, https:\/\/arbolyvida.com.ar\/wp-content\/uploads\/2024\/03\/20230113_094436-1-768x1365.jpg 768w, https:\/\/arbolyvida.com.ar\/wp-content\/uploads\/2024\/03\/20230113_094436-1-864x1536.jpg 864w, https:\/\/arbolyvida.com.ar\/wp-content\/uploads\/2024\/03\/20230113_094436-1-1152x2048.jpg 1152w, https:\/\/arbolyvida.com.ar\/wp-content\/uploads\/2024\/03\/20230113_094436-1-scaled.jpg 1440w\" sizes=\"(max-width: 576px) 100vw, 576px\" \/><\/figure><\/li><\/ul><\/figure>\n\n\n\n<figure class=\"wp-block-gallery columns-1 is-cropped\"><ul class=\"blocks-gallery-grid\"><li class=\"blocks-gallery-item\"><figure><img loading=\"lazy\" width=\"1024\" height=\"576\" src=\"https:\/\/arbolyvida.com.ar\/wp-content\/uploads\/2024\/03\/20230113_092530-1-1024x576.jpg\" alt=\"\" data-id=\"455\" data-full-url=\"https:\/\/arbolyvida.com.ar\/wp-content\/uploads\/2024\/03\/20230113_092530-1-scaled.jpg\" data-link=\"https:\/\/arbolyvida.com.ar\/index.php\/accion-andina\/20230113_092530-1\/\" class=\"wp-image-455\" srcset=\"https:\/\/arbolyvida.com.ar\/wp-content\/uploads\/2024\/03\/20230113_092530-1-1024x576.jpg 1024w, https:\/\/arbolyvida.com.ar\/wp-content\/uploads\/2024\/03\/20230113_092530-1-300x169.jpg 300w, https:\/\/arbolyvida.com.ar\/wp-content\/uploads\/2024\/03\/20230113_092530-1-768x432.jpg 768w, https:\/\/arbolyvida.com.ar\/wp-content\/uploads\/2024\/03\/20230113_092530-1-1536x864.jpg 1536w, https:\/\/arbolyvida.com.ar\/wp-content\/uploads\/2024\/03\/20230113_092530-1-2048x1152.jpg 2048w\" sizes=\"(max-width: 1024px) 100vw, 1024px\" \/><\/figure><\/li><\/ul><\/figure>\n\n\n\n<hr class=\"wp-block-separator\"\/>\n\n\n\n<figure class=\"wp-block-embed is-type-video is-provider-youtube wp-block-embed-youtube wp-embed-aspect-16-9 wp-has-aspect-ratio\"><div class=\"wp-block-embed__wrapper\">\n<iframe loading=\"lazy\" title=\"Acci\u00f3n Andina: An ecosystem of collaboration.\" width=\"750\" height=\"422\" src=\"https:\/\/www.youtube.com\/embed\/M-L5xBqc7pk?feature=oembed\" frameborder=\"0\" allow=\"accelerometer; autoplay; clipboard-write; encrypted-media; gyroscope; picture-in-picture; web-share\" referrerpolicy=\"strict-origin-when-cross-origin\" allowfullscreen><\/iframe>\n<\/div><\/figure>\n\n\n\n<p><\/p>\n","protected":false},"excerpt":{"rendered":"<p>Acci\u00f3n Andina fortalece capacidades de liderazgo y potencia la conservaci\u00f3n, investigaci\u00f3n y restauraci\u00f3n de los bosques de Polylepis a trav\u00e9s del trabajo colectivo y compromiso estable con comunidades y autoridades locales. Desde el 2018, ECOAN y Global Forest Generation (GFG) unen esfuerzos para crear alianzas a largo plazo con socios [&hellip;]<\/p>\n","protected":false},"author":1,"featured_media":0,"parent":0,"menu_order":0,"comment_status":"closed","ping_status":"closed","template":"","meta":[],"_links":{"self":[{"href":"https:\/\/arbolyvida.com.ar\/index.php\/wp-json\/wp\/v2\/pages\/84"}],"collection":[{"href":"https:\/\/arbolyvida.com.ar\/index.php\/wp-json\/wp\/v2\/pages"}],"about":[{"href":"https:\/\/arbolyvida.com.ar\/index.php\/wp-json\/wp\/v2\/types\/page"}],"author":[{"embeddable":true,"href":"https:\/\/arbolyvida.com.ar\/index.php\/wp-json\/wp\/v2\/users\/1"}],"replies":[{"embeddable":true,"href":"https:\/\/arbolyvida.com.ar\/index.php\/wp-json\/wp\/v2\/comments?post=84"}],"version-history":[{"count":31,"href":"https:\/\/arbolyvida.com.ar\/index.php\/wp-json\/wp\/v2\/pages\/84\/revisions"}],"predecessor-version":[{"id":476,"href":"https:\/\/arbolyvida.com.ar\/index.php\/wp-json\/wp\/v2\/pages\/84\/revisions\/476"}],"wp:attachment":[{"href":"https:\/\/arbolyvida.com.ar\/index.php\/wp-json\/wp\/v2\/media?parent=84"}],"curies":[{"name":"wp","href":"https:\/\/api.w.org\/{rel}","templated":true}]}}